**6/720 - l**5/20 + 6*l**2. Let v(g) be the third derivative of b(g). Is v(-13) a composite number?
True
Let o be ((-176)/24)/((-2)/3). Let d(n) = n**2 + 2 + o*n + 9 + 4. Is d(12) a composite number?
True
Suppose 3 = o - 0, o = -2*y + 1. Let m(g) = -903*g**2 + 1. Let c be m(y). Let w = c + 1293. Is w prime?
False
Suppose -4*g - 12 = 4. Is 1982/((-2)/1 - g) a composite number?
False
Let u be (2/3)/((-22)/16599). Let x = -234 - u. Is x prime?
True
Suppose 78 = 4*t + 2*d, 2*t - 4*d = 25 + 39. Is t a composite number?
True
Suppose 3563 + 6658 = 3*k. Is k a prime number?
True
Suppose 4*h - 2*k + 194 = 4, -h = 4*k + 61. Let w be (-1)/((-9)/2) + 31668/378. Let l = h + w. Is l composite?
True
Suppose 3*r - 4 = 2*r. Suppose 21 + 38 = -2*m - s, 115 = -r*m + s. Let z = m + 44. Is z a prime number?
False
Suppose -45*d + 48*d + 39252 = 0. Is -2 + (d/(-16))/((-4)/(-16)) prime?
False
Let p be 256 + -3*(-6)/(-9). Let n = p - 87. Suppose 0 = -2*q - f + 113, 2*f - 4*f + n = 3*q. Is q prime?
True
Let a(j) = 19*j + 3. Let y be a(5). Let x = y - 31. Let u = -32 + x. Is u composite?
True
Is 3 + (-1 - 56)*(-1724)/6 composite?
False
Let o = -9458 - -13251. Is o composite?
False
Suppose k - 44 = 24. Let p = k - 48. Let a = 17 + p. Is a composite?
False
Suppose 42*l - 25*l = 97019. Is l a prime number?
False
Suppose 2*x - 3*y + 22 = -35, -3*y + 27 = -x. Let i = x - -32. Suppose 2*d + i*a - 497 = 673, 3*d + 5*a = 1763. Is d composite?
True
Let x be ((-4)/(-5))/((-1)/5). Suppose -5*o = 2*p - 4*o - 375, -2*p - 5*o = -395. Is (-27)/(-36) - p/x a prime number?
True
Suppose 0 = 3*g - 3*y - 35556, 2*g + 7*y - 3*y - 23698 = 0. Is g prime?
False
Suppose 4*p - 3*l = 51, 4*l + 5 = 1. Let b = p - 10. Let m = b - -35. Is m a composite number?
False
Let l = 625 - 234. Is l a composite number?
True
Suppose -t - 3*x = -907, -3*x + 1751 = 3*t - 946. Suppose -8*v + 3017 + t = 0. Is v prime?
False
Suppose h - 44 = -3*y, h + h + 62 = 4*y. Suppose -5*q + 3*z = -11036, 0 = -7*z + 2*z + y. Is q prime?
False
Let i = 9867 + 2514. Is i prime?
False
Suppose 2426 = 8*f - 3870. Is f prime?
True
Suppose 1489 + 115888 = 13*i. Is i a prime number?
True
Let d(q) = 49*q**2 + 3. Let s be d(-4). Suppose 3*r - 10520 = -1916. Suppose 5*c - r = s. Is c a composite number?
True
Let s be (-18)/(-5) + (-2)/(-5). Let z(h) = -19*h - 2 + s - 52*h. Is z(-7) a prime number?
True
Suppose 3*r - 1301 = -4*m + 1569, -4*r + 3587 = 5*m. Is m a prime number?
True
Let n(i) = -i**3 - 7*i**2 - 5*i + 11. Let v be n(-6). Suppose -v*y + 0*c = -2*c - 8905, 3*c = 0. Is y a prime number?
False
Let p(y) = y - 1. Let x(v) = -418*v**2 + 5*v - 2. Let m(l) = 3*p(l) - x(l). Is m(-1) a prime number?
True
Let c = 1189 - -1380. Is c a prime number?
False
Suppose -24*n = -25*n - 1563. Let o = -494 - n. Is o a composite number?
False
Suppose 41*w - 84612 = 29*w. Is w a composite number?
True
Suppose 0*y = 4*y, 5*s - 5*y = 60. Suppose 0 = -9*v + s*v + 2190. Is (-5 + 3)*v/4 a composite number?
True
Let q be (-120)/(-18)*(-66)/5. Let y = -47 - q. Suppose t - 17 = y. Is t prime?
False
Suppose -c + 2910 = 3*a, 6*c + 15 = c. Is a a prime number?
True
Suppose p - 57871 = -10*p. Is p prime?
True
Let s(q) = q - 4. Let k be s(0). Let b = 371 - k. Suppose -b = -2*x + z, 0*x = 3*x + 3*z - 540. Is x prime?
False
Suppose 3*r - 2*y = -0*y + 14189, 0 = -5*r + 2*y + 23647. Is r a composite number?
False
Suppose -10*a + 630 = -4*a. Let b = 731 - a. Is b composite?
True
Suppose -2*t - 2*t + 4352 = -4*d, -4346 = -4*t + 2*d. Suppose 2*f = -5*f + t. Is f a prime number?
False
Suppose 5*v = -36223 + 10488. Let b = -2202 - v. Suppose 16*p = 11*p + b. Is p a prime number?
False
Let r = 898 + -21. Is r a composite number?
False
Let m(y) = y**3 + 13*y**2 + 15*y + 17. Let c be m(-12). Let b(r) = 2*r**2 + 23*r + 20. Is b(c) composite?
True
Let o = 38 - 40. Is (4 + o)/(4/890) composite?
True
Is (-823911)/(-22) + 15/(-10) + 2 prime?
False
Suppose -2*s - x = -3390, 17*s - 12*s = -4*x + 8481. Is s a composite number?
False
Is (-17 - -8)/(-6*3/41142) prime?
False
Let r be 2 - 4 - (-5)/1. Suppose 0 = 4*h + 2*j - 6, -2*h + r*h - 6 = -2*j. Suppose a - 3*x - 854 = -4*a, -4*a + 2*x + 682 = h. Is a a prime number?
False
Let s be (8 + -1 - 3) + -2. Suppose -s*l + 3*t = -286, 9 + 124 = l - 4*t. Is l a composite number?
False
Suppose -6*k = -17*k + 48158. Suppose -16*a + k = -9654. Is a prime?
True
Let p(w) = w - 2. Let g be p(4). Let a(c) = 93*c**2 + 6*c - 5. Is a(g) a composite number?
False
Let d = -38462 - -61647. Is d composite?
True
Let a = 7 + -2. Suppose 5*t = -2*r + 6*r + 3402, 4*t = -2*r + 2732. Suppose t = a*i - 3*i - 5*h, 0 = -2*i - 2*h + 654. Is i a prime number?
True
Let p be (-2)/((-1)/(36/(-8))). Let c be (-6)/p*3*38. Suppose -2*w - 2*w = -c. Is w a prime number?
True
Let l = 44479 + -24357. Is l a prime number?
False
Suppose 0 = 5*s - 15536 - 4994. Suppose -6*k + 4*k = -s. Is k a prime number?
True
Suppose -9*m = -3*m - 18. Is (m/(-6))/(-1) + (-8770)/(-20) a prime number?
True
Let z(q) = -3*q - 19. Let p be z(-11). Is (1/4)/(p/9128) a prime number?
True
Suppose -1808 = -15*l + 11*l. Suppose 7*a - l - 983 = 0. Is a prime?
False
Let u = 27298 + -15753. Is u a prime number?
False
Let w(m) = -m + 1. Let b be w(1). Let f = 1 + -8. Is (b - -1)/(f/(-3409)) prime?
True
Suppose 0 = 7*i - 29 + 1. Suppose 6832 = 4*l - i*k, -2*l + 4*k + 1004 = -2406. Is l composite?
True
Let z(v) be the second derivative of v**4/2 + v**3 + 3*v**2/2 - 4*v. Let b be z(-9). Suppose n - 3*n = -y + b, -n - 1775 = -4*y. Is y a composite number?
True
Let x = -1623 - -1916. Is x composite?
False
Let v = -464 - -1443. Is v a prime number?
False
Let x(v) = 5*v**2 - 13*v - 2. Let h(o) = 3*o**2 - 3*o + 3. Let y be h(2). Let g be x(y). Is g/(-8)*(12 + -16) prime?
False
Suppose 2*t - n - 13 = 0, 52 = 4*t - 5*n + 11. Suppose 8 = -2*a, -9322 = -t*g + 3*a - 666. Is g a composite number?
False
Suppose 3*r - 108 = -6*r. Is 12/9 + 140/r a composite number?
False
Let l = -7014 - -13289. Suppose 19*p = 14*p + l. Is p prime?
False
Let g(p) = -p**2 - 7*p - 6. Let v be g(-4). Suppose -v*r = 17 + 1. Is (-2062)/r*33/22 composite?
False
Suppose 13862 = 3*f - 24121. Is f prime?
False
Let p = 2 - -34. Suppose z = 79 + p. Is z composite?
True
Suppose -7*i = -6*i - 4. Let d(y) = -1 + 3*y**2 + 2*y + i + 23*y**2 - y. Is d(2) prime?
True
Let l = 5 + 0. Suppose -28*o + 129 = -25*o. Suppose -l*d - 7*g + 255 = -2*g, 0 = -d - 5*g + o. Is d a prime number?
True
Is (-70570)/(-3) + (99/27)/(-11) composite?
True
Let b = 3 - 0. Suppose -3*n = -0*n - 2*y - 38, -5*n - b*y + 76 = 0. Let o(u) = 5*u + 19. Is o(n) a composite number?
False
Suppose 0 = 6*f - 2*f - 68. Let t(p) = 2*p - f + 0*p + 4*p. Is t(7) composite?
True
Suppose 0 = a - 4*a. Let d(p) be the second derivative of p**5/20 - p**3/3 + 163*p**2/2 - 13*p. Is d(a) a composite number?
False
Let k be (5/20 + -4)/(3/(-976)). Suppose 3*g + 2*f = 6165, -f + 836 = g - k. Is g a prime number?
True
Let z be (-1 - 17) + 2 + 2. Is z/49 - 3789/(-7) a prime number?
True
Let n be 6/3 + 405 - 1. Suppose c + r - 406 = -c, -2*c = 4*r - n. Is c a composite number?
True
Let y(f) = -11*f**3 - 14*f**2 - 167*f + 15. Is y(-16) a prime number?
True
Suppose -3*v = -4*o + 12671, 5*o - 4*v - 21800 = -5962. Suppose 3*u - o = -2*u. Is u a prime number?
False
Let y(i) = -i**3 - 10*i**2 + i + 9. Suppose 0 = 4*j + 52 - 8. Is y(j) prime?
False
Let f(o) = 400*o**2 - 11*o - 99. Is f(-8) a composite number?
False
Let b(g) = -g**2 - 2*g - 24. Let s be b(0). Let w = 19 + s. Let l = w + 792. Is l prime?
True
Suppose v = -3*h - 671, 5*v - 80 = -3*h - 747. Let f = -104 - -100. Is f/6 + h/(-21) a composite number?
True
Let p be 1 - ((-3)/(-24) + 42/48). Suppose p = 5*b - 3*s + s - 3717, -3*b + 4*s = -2219. Is b a composite number?
True
Let u(a) = -9060*a - 777. Is u(-9) prime?
False
Let s = -123 + 202. Suppose s = 8*t - 73. Is t a prime number?
True
Let u = 345391 + -174506. Is u/77 + (-2)/7 a prime number?
False
Let p be (28/(-49))/(2/(-7)). Suppose 427 = -p*j - 99. Let v = -106 - j. Is v a composite number?
False
Let n = 1427 + -588. Is n a prime number?
True
Let t = -754 + 1167. Let o = 60 - t. Let b = o - -607. Is b a prime number?
False
Suppose -2*c + 6*c = -3*o - 3, -5*c = o + 12. Let q(v) = v + 254*v**2 - 3 + o*v